{"id":6705,"date":"2022-05-06T13:25:56","date_gmt":"2022-05-06T11:25:56","guid":{"rendered":"https:\/\/www.sailinglatvia.lv\/?page_id=6705"},"modified":"2026-03-30T13:11:15","modified_gmt":"2026-03-30T11:11:15","slug":"orc","status":"publish","type":"page","link":"https:\/\/www.sailinglatvia.lv\/index.php\/orc\/","title":{"rendered":"Handikapi"},"content":{"rendered":"\n<p><strong>ORC<\/strong>:<\/p>\n\n\n\n<p>No 2022. gada 1. janv\u0101ra ORC Latvij\u0101 p\u0101rst\u0101v Latvijas J\u016bras bur\u0101\u0161anas asoci\u0101cija.<\/p>\n\n\n\n<p><strong>INFORM\u0100CIJA :<\/strong><\/p>\n\n\n\n<p>pa e-pastu: <a href=\"mailto:ljba.offshore.sailing@gmail.com\">ljba.offshore.sailing@gmail.com<\/a>&nbsp; <\/p>\n\n\n\n<p>pa t\u0101lruni: 29242792 (J\u0101nis Norde), 29235659 (Valters Romans), 29247411 (Krist\u012bne Kanska)<\/p>\n\n\n\n<p>ORC administrators: &nbsp;&nbsp;&nbsp;&nbsp; R\u016bdolfs Romans, t. 20364766<\/p>\n\n\n\n<p><strong>ORC noteikumi:<\/strong><\/p>\n\n\n\n<p>Starptautiskie buru laivu apm\u0113r\u012b\u0161anas noteikumi un ORC handikapa noteikumi: <a href=\"https:\/\/orc.org\/organization\/rules-regulations\">https:\/\/orc.org\/organization\/rules-regulations<\/a><\/p>\n\n\n\n<p>ORC akt\u012bvie sertifik\u0101ti atrodami \u0161eit: <a href=\"https:\/\/orc.org\/sailors\/active-certificates-database\">https:\/\/orc.org\/sailors\/active-certificates-database<\/a><\/p>\n\n\n\n<p><strong>IZMAKSAS:<\/strong><\/p>\n\n\n\n<p>M\u0112RGR\u0100MATA<\/p>\n\n\n\n<p>&nbsp;&nbsp;&nbsp;&nbsp;&nbsp;&nbsp;&nbsp;&nbsp;&nbsp;&nbsp;&nbsp; Club (pirmo reizi) &nbsp;&nbsp;&nbsp;&nbsp;&nbsp;&nbsp;&nbsp;&nbsp;&nbsp;&nbsp;&nbsp;&nbsp;&nbsp;&nbsp;&nbsp;&nbsp;&nbsp;&nbsp;&nbsp;&nbsp; \u2013 bez maksas<\/p>\n\n\n\n<p>&nbsp;&nbsp;&nbsp;&nbsp;&nbsp;&nbsp;&nbsp;&nbsp;&nbsp;&nbsp;&nbsp; Club&nbsp;&nbsp;&nbsp;&nbsp;&nbsp;&nbsp;&nbsp;&nbsp;&nbsp;&nbsp;&nbsp;&nbsp;&nbsp;&nbsp;&nbsp;&nbsp; &nbsp;&nbsp;&nbsp;&nbsp;&nbsp;&nbsp;&nbsp;&nbsp;&nbsp;&nbsp;&nbsp;&nbsp;&nbsp;&nbsp;&nbsp;&nbsp;&nbsp;&nbsp;&nbsp;&nbsp;&nbsp;&nbsp; \u2013 80 eur<\/p>\n\n\n\n<p>&nbsp;&nbsp;&nbsp;&nbsp;&nbsp;&nbsp;&nbsp;&nbsp;&nbsp;&nbsp;&nbsp; International &nbsp;&nbsp;&nbsp;&nbsp;&nbsp;&nbsp;&nbsp;&nbsp;&nbsp;&nbsp;&nbsp;&nbsp;&nbsp;&nbsp;&nbsp;&nbsp;&nbsp;&nbsp;&nbsp;&nbsp;&nbsp;&nbsp;&nbsp;&nbsp;&nbsp;&nbsp;&nbsp; \u2013 105 eur<\/p>\n\n\n\n<p>&nbsp;&nbsp;&nbsp;&nbsp;&nbsp;&nbsp;&nbsp;&nbsp;&nbsp;&nbsp;&nbsp; Papildus DH &amp; bez spinakera &nbsp;&nbsp;&nbsp;&nbsp; \u2013 bez maksas<\/p>\n\n\n\n<p>M\u0112R\u012a\u0160ANA<\/p>\n\n\n\n<p>Buras&nbsp;&nbsp;&nbsp;&nbsp;&nbsp;&nbsp;&nbsp;&nbsp;&nbsp;&nbsp;&nbsp;&nbsp;&nbsp;&nbsp;&nbsp;&nbsp;&nbsp;&nbsp;&nbsp;&nbsp;&nbsp;&nbsp;&nbsp;&nbsp;&nbsp;&nbsp;&nbsp; &#8211; 20 eur (par katru)<\/p>\n\n\n\n<p>Korpuss&nbsp;&nbsp;&nbsp;&nbsp;&nbsp;&nbsp;&nbsp;&nbsp;&nbsp;&nbsp;&nbsp;&nbsp;&nbsp;&nbsp;&nbsp;&nbsp;&nbsp;&nbsp;&nbsp;&nbsp;&nbsp;&nbsp;&nbsp; &#8211; 50 eur<\/p>\n\n\n\n<p>Takel\u0101\u017ea&nbsp;&nbsp;&nbsp;&nbsp;&nbsp;&nbsp;&nbsp;&nbsp;&nbsp;&nbsp;&nbsp;&nbsp;&nbsp;&nbsp;&nbsp;&nbsp;&nbsp;&nbsp;&nbsp;&nbsp;&nbsp;&nbsp;&#8211; 25 eur<\/p>\n\n\n\n<p>L\u012bdzsvara tests&nbsp;&nbsp;&nbsp;&nbsp;&nbsp;&nbsp;&nbsp;&nbsp;&nbsp;&nbsp;&nbsp;&nbsp;&nbsp; -90 eur<\/p>\n\n\n\n<p>Ja m\u0113r\u012b\u0161anas darbu veik\u0161ana nepiecie\u0161ama ce\u013co\u0161ana, transportu, naktsm\u012btni, \u0113din\u0101\u0161anu pas\u016bt\u012bt\u0101js m\u0113r\u012bt\u0101jam nodro\u0161ina atsevi\u0161\u0137i. <\/p>\n\n\n\n<p>LBS ir apstiprin\u0101jusi \u0161\u0101dus M\u0112R\u012aT\u0100JUS:<\/p>\n\n\n\n<p><strong>Sporta jahtas<\/strong><\/p>\n\n\n\n<p>Juris Ailis<\/p>\n\n\n\n<p>Rom\u0101ns Mick\u0113vi\u010ds<\/p>\n\n\n\n<p>Ilm\u0101rs Lak\u0161s<\/p>\n\n\n\n<p>Aleksejs Jevharitskis<\/p>\n\n\n\n<p>Gatis Graudums<\/p>\n\n\n\n<p>Toms Fi\u0161ers Blumbergs<\/p>\n\n\n\n<p><strong>Platu 25<\/strong><\/p>\n\n\n\n<p>Modris Graudums<\/p>\n\n\n\n<p>Aleksejs Jevharitskis<\/p>\n\n\n\n<p>Toms Fi\u0161ers-Blumbergs<\/p>\n\n\n\n<p><strong>LAT LYS<\/strong><\/p>\n\n\n\n<p>Ilm\u0101rs Lak\u0161s<\/p>\n\n\n\n<p>\u0122irts Fi\u0161ers-Blumbergs<\/p>\n\n\n\n<p>Modris Graudums<\/p>\n\n\n\n<p>Toms Fi\u0161ers-Blumbergs<\/p>\n\n\n\n<p><strong>ORC<\/strong><\/p>\n\n\n\n<p>Aleksejs Jevharitskis<\/p>\n\n\n\n<p>Ilm\u0101rs Lak\u0161s<\/p>\n\n\n\n<p>R\u016bdolfs Romans<\/p>\n\n\n\n<p>Pla\u0161\u0101k par atp\u016btas ku\u0123u re\u0123istr\u0101cijas k\u0101rt\u012bbu: <a href=\"https:\/\/www.lja.lv\/kugu-registrs\/kugu-registresana\/atputas-kugu-registracijas-kartiba\">https:\/\/www.lja.lv\/kugu-registrs\/kugu-registresana\/atputas-kugu-registracijas-kartiba<\/a><\/p>\n\n\n\n<p><strong>REKVIZ\u012aTI:<\/strong><\/p>\n\n\n\n<p>Latvijas J\u016bras bur\u0101\u0161anas asoci\u0101cija<\/p>\n\n\n\n<p>Re\u0123. Nr. 40008285681<\/p>\n\n\n\n<p>Gr\u0113cinieku iela 11A-5, R\u012bga, LV-1011<\/p>\n\n\n\n<p>IBAN: LV87HABA0551046481239<\/p>\n\n\n\n<p>Swedbank, AS, HABALV22<\/p>\n\n\n\n<p><\/p>\n\n\n\n<p>&#8212;&#8212;&#8212;&#8212;&#8212;&#8212;&#8212;&#8211;<\/p>\n\n\n\n<p><strong>LAT LYS Handikapu sist\u0113ma pieejama&nbsp;<a href=\"https:\/\/latlys.wordpress.com\/\" target=\"_blank\" rel=\"noreferrer noopener\">\u0160EIT<\/a><\/strong><\/p>\n","protected":false},"excerpt":{"rendered":"<p>ORC: No 2022. gada 1. janv\u0101ra ORC Latvij\u0101 p\u0101rst\u0101v Latvijas J\u016bras bur\u0101\u0161anas asoci\u0101cija. INFORM\u0100CIJA : pa e-pastu: ljba.offshore.sailing@gmail.com&nbsp; pa t\u0101lruni: 29242792 (J\u0101nis Norde), 29235659 (Valters Romans), 29247411 (Krist\u012bne Kanska) ORC administrators: &nbsp;&nbsp;&nbsp;&nbsp; R\u016bdolfs Romans, t. 20364766 ORC noteikumi: Starptautiskie buru &hellip; <a href=\"https:\/\/www.sailinglatvia.lv\/index.php\/orc\/\">Continued<\/a><\/p>\n","protected":false},"author":5,"featured_media":0,"parent":0,"menu_order":0,"comment_status":"closed","ping_status":"closed","template":"","meta":{"kt_blocks_editor_width":"","footnotes":""},"class_list":["post-6705","page","type-page","status-publish","hentry"],"_links":{"self":[{"href":"https:\/\/www.sailinglatvia.lv\/index.php\/wp-json\/wp\/v2\/pages\/6705","targetHints":{"allow":["GET"]}}],"collection":[{"href":"https:\/\/www.sailinglatvia.lv\/index.php\/wp-json\/wp\/v2\/pages"}],"about":[{"href":"https:\/\/www.sailinglatvia.lv\/index.php\/wp-json\/wp\/v2\/types\/page"}],"author":[{"embeddable":true,"href":"https:\/\/www.sailinglatvia.lv\/index.php\/wp-json\/wp\/v2\/users\/5"}],"replies":[{"embeddable":true,"href":"https:\/\/www.sailinglatvia.lv\/index.php\/wp-json\/wp\/v2\/comments?post=6705"}],"version-history":[{"count":13,"href":"https:\/\/www.sailinglatvia.lv\/index.php\/wp-json\/wp\/v2\/pages\/6705\/revisions"}],"predecessor-version":[{"id":19546,"href":"https:\/\/www.sailinglatvia.lv\/index.php\/wp-json\/wp\/v2\/pages\/6705\/revisions\/19546"}],"wp:attachment":[{"href":"https:\/\/www.sailinglatvia.lv\/index.php\/wp-json\/wp\/v2\/media?parent=6705"}],"curies":[{"name":"wp","href":"https:\/\/api.w.org\/{rel}","templated":true}]}}