{"id":6269,"date":"2022-02-01T21:42:31","date_gmt":"2022-02-01T19:42:31","guid":{"rendered":"http:\/\/www.sailinglatvia.lv\/?page_id=6269"},"modified":"2024-12-17T15:51:03","modified_gmt":"2024-12-17T13:51:03","slug":"burasanas-sacensibu-noteikumi","status":"publish","type":"page","link":"https:\/\/www.sailinglatvia.lv\/index.php\/burasanas-sacensibu-noteikumi\/","title":{"rendered":"Bur\u0101\u0161anas sacens\u012bbu noteikumi"},"content":{"rendered":"<p>V\u0113r\u0161am J\u016bsu uzman\u012bbu, ka latvie\u0161u valod\u0101 v\u0113l nav aktualiz\u0113ti jaunie noteikumi 2025-2028. \u0160obr\u012bd l\u016bdzam izmantot noteikumus ang\u013cu valod\u0101:<\/p>\n<p>World Sailing <a href=\"https:\/\/www.sailing.org\/inside-world-sailing\/rules-regulations\/racingrules\/\">RRS-2025-2028-Final<\/a><\/p>\n<p>World Sailing 2021-2024: <a href=\"https:\/\/www.sailinglatvia.lv\/wp-content\/uploads\/2021\/02\/RRS_2021-2024.pdf\">RRS_2021-2024<\/a><\/p>\n<p>Bur\u0101\u0161anas Sacens\u012bbu Noteikumi 2021-2024 latvie\u0161u valod\u0101: <a href=\"https:\/\/www.sailinglatvia.lv\/wp-content\/uploads\/2024\/02\/BSN_22022024.pdf\">BSN, atjaunoti 22.02.2024.<\/a><\/p>\n<p>BSN regulu 5. pielikums latvie\u0161u valod\u0101 par der\u012bb\u0101m un korupciju.<img decoding=\"async\" src=\"https:\/\/www.sailinglatvia.lv\/wp-content\/uploads\/2018\/09\/icon_pdf.jpg\" \/><a href=\"https:\/\/www.sailinglatvia.lv\/wp-content\/uploads\/2019\/01\/Pielikums-5-lv.doc\" target=\"_blank\" rel=\"noopener\">Pielikums-5-lv<\/a><\/p>\n\n\n<p><\/p>\n","protected":false},"excerpt":{"rendered":"<p>V\u0113r\u0161am J\u016bsu uzman\u012bbu, ka latvie\u0161u valod\u0101 v\u0113l nav aktualiz\u0113ti jaunie noteikumi 2025-2028. \u0160obr\u012bd l\u016bdzam izmantot noteikumus ang\u013cu valod\u0101: World Sailing RRS-2025-2028-Final World Sailing 2021-2024: RRS_2021-2024 Bur\u0101\u0161anas Sacens\u012bbu Noteikumi 2021-2024 latvie\u0161u valod\u0101: BSN, atjaunoti 22.02.2024. BSN regulu 5. pielikums latvie\u0161u valod\u0101 &hellip; <a href=\"https:\/\/www.sailinglatvia.lv\/index.php\/burasanas-sacensibu-noteikumi\/\">Continued<\/a><\/p>\n","protected":false},"author":5,"featured_media":0,"parent":0,"menu_order":0,"comment_status":"closed","ping_status":"closed","template":"","meta":{"kt_blocks_editor_width":"","footnotes":""},"class_list":["post-6269","page","type-page","status-publish","hentry"],"_links":{"self":[{"href":"https:\/\/www.sailinglatvia.lv\/index.php\/wp-json\/wp\/v2\/pages\/6269","targetHints":{"allow":["GET"]}}],"collection":[{"href":"https:\/\/www.sailinglatvia.lv\/index.php\/wp-json\/wp\/v2\/pages"}],"about":[{"href":"https:\/\/www.sailinglatvia.lv\/index.php\/wp-json\/wp\/v2\/types\/page"}],"author":[{"embeddable":true,"href":"https:\/\/www.sailinglatvia.lv\/index.php\/wp-json\/wp\/v2\/users\/5"}],"replies":[{"embeddable":true,"href":"https:\/\/www.sailinglatvia.lv\/index.php\/wp-json\/wp\/v2\/comments?post=6269"}],"version-history":[{"count":21,"href":"https:\/\/www.sailinglatvia.lv\/index.php\/wp-json\/wp\/v2\/pages\/6269\/revisions"}],"predecessor-version":[{"id":16291,"href":"https:\/\/www.sailinglatvia.lv\/index.php\/wp-json\/wp\/v2\/pages\/6269\/revisions\/16291"}],"wp:attachment":[{"href":"https:\/\/www.sailinglatvia.lv\/index.php\/wp-json\/wp\/v2\/media?parent=6269"}],"curies":[{"name":"wp","href":"https:\/\/api.w.org\/{rel}","templated":true}]}}