{"id":5877,"date":"2021-10-04T12:57:29","date_gmt":"2021-10-04T10:57:29","guid":{"rendered":"http:\/\/www.sailinglatvia.lv\/?page_id=5877"},"modified":"2024-11-22T10:17:59","modified_gmt":"2024-11-22T08:17:59","slug":"world-sailing-informe","status":"publish","type":"page","link":"https:\/\/www.sailinglatvia.lv\/index.php\/world-sailing-informe\/","title":{"rendered":"World Sailing inform\u0113"},"content":{"rendered":"<div class=\"page\" title=\"Page 1\">\n<div class=\"layoutArea\">\n<div class=\"column\">\n<p>World Sailing strat\u0113\u0123ija no 2025. l\u012bdz 2029. gadam &#8220;Gatavi n\u0101kotnei&#8221; (Ready for the Future)\u00a0<a href=\"https:\/\/www.sailing.org\/inside-world-sailing\/organisation\/world-sailing\/strategy\/\">https:\/\/www.sailing.org\/inside-world-sailing\/organisation\/world-sailing\/strategy\/<\/a><\/p>\n<p>Pieraksties jaunumu sa\u0146em\u0161anai, lai uzzin\u0101tu par visu aktu\u0101lo pirmais: <a href=\"https:\/\/www.sailing.org\/newsletter\">https:\/\/www.sailing.org\/newsletter<\/a><\/p>\n<p id=\"articleJump\" class=\"excerpt__title c-primary\">World Sailing pazi\u0146ojums par situ\u0101ciju Ukrain\u0101\u00a0<a href=\"https:\/\/www.sailing.org\/2022\/04\/18\/world-sailing-statement-18-april-2022\/\">https:\/\/www.sailing.org\/2022\/04\/18\/world-sailing-statement-18-april-2022\/<\/a><\/p>\n<p>World Sailing pazi\u0146ojums par RUS\/BLR dal\u012bbu 2024. gada Olimpiskaj\u0101s sp\u0113l\u0113s, Par\u012bz\u0113:\u00a0<a href=\"https:\/\/www.sailing.org\/2024\/01\/24\/world-sailing-statement-on-the-participation-of-russian-and-belarusian-athletes-in-international-competition\/\">https:\/\/www.sailing.org\/2024\/01\/24\/world-sailing-statement-on-the-participation-of-russian-and-belarusian-athletes-in-international-competition\/<\/a><\/p>\n<p>World Sailing pazi\u0146ojums 14.04.2023 <a href=\"https:\/\/www.sailing.org\/2023\/04\/14\/world-sailing-statement-14-april-2023\/\">https:\/\/www.sailing.org\/2023\/04\/14\/world-sailing-statement-14-april-2023\/<\/a><\/p>\n<p>World Sailing pazi\u0146oums 23.05.2023\u00a0<a href=\"https:\/\/www.sailing.org\/2023\/05\/23\/world-sailing-statement-23-may-2023\/\">https:\/\/www.sailing.org\/2023\/05\/23\/world-sailing-statement-23-may-2023\/<\/a><\/p>\n<\/div>\n<p>IQFoil Class:\u00a0<a href=\"https:\/\/www.sailing.org\/classes\/iqfoil#Documents\">https:\/\/www.sailing.org\/classes\/iqfoil#Documents<\/a><\/p>\n<p class=\"p2\">Race Official Roles, Qualifications and Competences.<\/p>\n<p class=\"p1\">Race Official Roles, Qualifications and Competences: <a href=\"https:\/\/www.sailinglatvia.lv\/wp-content\/uploads\/2024\/02\/2024-Race-Officials_RQC_2024.pdf\">2024 Race Officials_RQC_2024<\/a><\/p>\n<p class=\"px-1 c-white tf-allcaps\">OFFSHORE SPECIAL REGULATIONS: <a href=\"https:\/\/www.sailing.org\/inside-world-sailing\/rules-regulations\/offshore-special-regulations\/\">https:\/\/www.sailing.org\/inside-world-sailing\/rules-regulations\/offshore-special-regulations\/<\/a><\/p>\n<p><a href=\"https:\/\/www.sailinglatvia.lv\/wp-content\/uploads\/2024\/06\/Sustainability-Report.pdf\">World Sailing Sustainability Report<\/a><br \/>\n<iframe loading=\"lazy\" title=\"YouTube video player\" src=\"https:\/\/www.youtube.com\/embed\/GYwCJAIhgXI?si=jPj3ZjRbWSBnWJXh\" width=\"560\" height=\"315\" frameborder=\"0\" allowfullscreen=\"allowfullscreen\"><\/iframe><\/p>\n<p><iframe loading=\"lazy\" title=\"YouTube video player\" src=\"https:\/\/www.youtube.com\/embed\/Pic5oKp3jmo?si=olOVNscAxF21WndH\" width=\"560\" height=\"315\" frameborder=\"0\" allowfullscreen=\"allowfullscreen\"><\/iframe><\/p>\n<\/div>\n<\/div>\n","protected":false},"excerpt":{"rendered":"<p>World Sailing strat\u0113\u0123ija no 2025. l\u012bdz 2029. gadam &#8220;Gatavi n\u0101kotnei&#8221; (Ready for the Future)\u00a0https:\/\/www.sailing.org\/inside-world-sailing\/organisation\/world-sailing\/strategy\/ Pieraksties jaunumu sa\u0146em\u0161anai, lai uzzin\u0101tu par visu aktu\u0101lo pirmais: https:\/\/www.sailing.org\/newsletter World Sailing pazi\u0146ojums par situ\u0101ciju Ukrain\u0101\u00a0https:\/\/www.sailing.org\/2022\/04\/18\/world-sailing-statement-18-april-2022\/ World Sailing pazi\u0146ojums par RUS\/BLR dal\u012bbu 2024. gada Olimpiskaj\u0101s sp\u0113l\u0113s, &hellip; <a href=\"https:\/\/www.sailinglatvia.lv\/index.php\/world-sailing-informe\/\">Continued<\/a><\/p>\n","protected":false},"author":5,"featured_media":0,"parent":0,"menu_order":0,"comment_status":"closed","ping_status":"closed","template":"","meta":{"kt_blocks_editor_width":"","footnotes":""},"class_list":["post-5877","page","type-page","status-publish","hentry"],"_links":{"self":[{"href":"https:\/\/www.sailinglatvia.lv\/index.php\/wp-json\/wp\/v2\/pages\/5877","targetHints":{"allow":["GET"]}}],"collection":[{"href":"https:\/\/www.sailinglatvia.lv\/index.php\/wp-json\/wp\/v2\/pages"}],"about":[{"href":"https:\/\/www.sailinglatvia.lv\/index.php\/wp-json\/wp\/v2\/types\/page"}],"author":[{"embeddable":true,"href":"https:\/\/www.sailinglatvia.lv\/index.php\/wp-json\/wp\/v2\/users\/5"}],"replies":[{"embeddable":true,"href":"https:\/\/www.sailinglatvia.lv\/index.php\/wp-json\/wp\/v2\/comments?post=5877"}],"version-history":[{"count":18,"href":"https:\/\/www.sailinglatvia.lv\/index.php\/wp-json\/wp\/v2\/pages\/5877\/revisions"}],"predecessor-version":[{"id":16206,"href":"https:\/\/www.sailinglatvia.lv\/index.php\/wp-json\/wp\/v2\/pages\/5877\/revisions\/16206"}],"wp:attachment":[{"href":"https:\/\/www.sailinglatvia.lv\/index.php\/wp-json\/wp\/v2\/media?parent=5877"}],"curies":[{"name":"wp","href":"https:\/\/api.w.org\/{rel}","templated":true}]}}