{"id":400,"date":"2018-08-17T16:44:47","date_gmt":"2018-08-17T14:44:47","guid":{"rendered":"http:\/\/temp.sailinglatvia.lv\/?page_id=400"},"modified":"2025-12-05T09:30:52","modified_gmt":"2025-12-05T07:30:52","slug":"dokumenti","status":"publish","type":"page","link":"https:\/\/www.sailinglatvia.lv\/index.php\/dokumenti\/","title":{"rendered":"LBS apstiprin\u0101tie dokumenti"},"content":{"rendered":"<ul>\n<li>\n<h5>Noteikumus par sportistu pieteik\u0161anu individu\u0101lajos vasaras sporta veidos Olimpiskaj\u0101s bur\u0101\u0161anas discipl\u012bn\u0101s un iek\u013cau\u0161anu Latvijas Olimpisk\u0101s vien\u012bbas sast\u0101vos <a href=\"https:\/\/www.sailinglatvia.lv\/wp-content\/uploads\/2025\/12\/LBS_LOK-Sastavu-Noteikumi_05122025_FINAL.pdf\">skat\u012bt \u0161eit.<\/a><\/h5>\n<\/li>\n<li>\n<h5>Latvijas atkl\u0101t\u0101 bur\u0101\u0161anas \u010dempion\u0101ta 2026 r\u012bko\u0161anas nosac\u012bjumus <a href=\"https:\/\/www.sailinglatvia.lv\/wp-content\/uploads\/2024\/10\/Krite\u0304riji-LC\u030c-ri\u0304kos\u030canai_03102024-3.pdf\">skat\u012bt \u0161eit.<\/a><\/h5>\n<\/li>\n<li>\n<h5>Ziedojumu pie\u0146em\u0161anas un izlieto\u0161anas k\u0101rt\u012bba biedr\u012bb\u0101 \u201cLatvijas Bur\u0101\u0161anas savien\u012bba\u201d \u00a0(apstiprin\u0101ta 4.05.2024):<\/h5>\n<\/li>\n<\/ul>\n<p><!--more--><\/p>\n\n\n<div class=\"wp-block-file\"><a id=\"wp-block-file--media-168b9636-e851-4274-b326-ff940e77e7ac\" href=\"https:\/\/www.sailinglatvia.lv\/wp-content\/uploads\/2024\/11\/LBS_ziedojumu_Kartiba_apstiprinats_04052024.pdf\">LBS ziedojumu pie\u0146em\u0161anas un izlieto\u0161anas k\u0101rt\u012bba (Apstiprin\u0101ta 4.05.2024.)<\/a><a href=\"https:\/\/www.sailinglatvia.lv\/wp-content\/uploads\/2024\/11\/LBS_ziedojumu_Kartiba_apstiprinats_04052024.pdf\" class=\"wp-block-file__button wp-element-button\" download aria-describedby=\"wp-block-file--media-168b9636-e851-4274-b326-ff940e77e7ac\">Download<\/a><\/div>\n\n\n\n<div class=\"wp-block-file\"><a id=\"wp-block-file--media-dbc4f8a8-5f61-4cfa-a97c-7dba7385fe32\" href=\"https:\/\/www.sailinglatvia.lv\/wp-content\/uploads\/2024\/11\/LBS_ziedojuma_Ligums_pielik_Nr1_apstiprinats_04052024.pdf\">LBS_ziedojuma_Ligums_pielik_Nr1_apstiprinats_04052024<\/a><a href=\"https:\/\/www.sailinglatvia.lv\/wp-content\/uploads\/2024\/11\/LBS_ziedojuma_Ligums_pielik_Nr1_apstiprinats_04052024.pdf\" class=\"wp-block-file__button wp-element-button\" download aria-describedby=\"wp-block-file--media-dbc4f8a8-5f61-4cfa-a97c-7dba7385fe32\">Download<\/a><\/div>\n\n\n\n<div class=\"wp-block-file\"><a id=\"wp-block-file--media-13c79146-350e-41fc-9575-22f4ea62e458\" href=\"https:\/\/www.sailinglatvia.lv\/wp-content\/uploads\/2024\/11\/LBS_ziedojuma_Ligums_pielik_Nr2_apstiprinats_04052024.pdf\">LBS_ziedojuma_Ligums_pielik_Nr2_apstiprinats_04052024<\/a><a href=\"https:\/\/www.sailinglatvia.lv\/wp-content\/uploads\/2024\/11\/LBS_ziedojuma_Ligums_pielik_Nr2_apstiprinats_04052024.pdf\" class=\"wp-block-file__button wp-element-button\" download aria-describedby=\"wp-block-file--media-13c79146-350e-41fc-9575-22f4ea62e458\">Download<\/a><\/div>\n\n\n\n<div class=\"wp-block-file\"><a id=\"wp-block-file--media-2b24c456-c327-4eef-aed3-caae5a32415a\" href=\"https:\/\/www.sailinglatvia.lv\/wp-content\/uploads\/2024\/11\/LBS_ziedojumu_pien_nod_Akts_apstiprinats_04052024.pdf\">LBS_ziedojumu_P\/N akts_<\/a><a href=\"https:\/\/www.sailinglatvia.lv\/wp-content\/uploads\/2024\/11\/LBS_ziedojumu_pien_nod_Akts_apstiprinats_04052024.pdf\" class=\"wp-block-file__button wp-element-button\" download aria-describedby=\"wp-block-file--media-2b24c456-c327-4eef-aed3-caae5a32415a\">Download<\/a><\/div>\n\n\n\n<p><\/p>\n","protected":false},"excerpt":{"rendered":"<p>Noteikumus par sportistu pieteik\u0161anu individu\u0101lajos vasaras sporta veidos Olimpiskaj\u0101s bur\u0101\u0161anas discipl\u012bn\u0101s un iek\u013cau\u0161anu Latvijas Olimpisk\u0101s vien\u012bbas sast\u0101vos skat\u012bt \u0161eit. Latvijas atkl\u0101t\u0101 bur\u0101\u0161anas \u010dempion\u0101ta 2026 r\u012bko\u0161anas nosac\u012bjumus skat\u012bt \u0161eit. Ziedojumu pie\u0146em\u0161anas un izlieto\u0161anas k\u0101rt\u012bba biedr\u012bb\u0101 \u201cLatvijas Bur\u0101\u0161anas savien\u012bba\u201d \u00a0(apstiprin\u0101ta 4.05.2024):<\/p>\n","protected":false},"author":1,"featured_media":0,"parent":0,"menu_order":0,"comment_status":"closed","ping_status":"closed","template":"","meta":{"kt_blocks_editor_width":"","footnotes":""},"class_list":["post-400","page","type-page","status-publish","hentry"],"_links":{"self":[{"href":"https:\/\/www.sailinglatvia.lv\/index.php\/wp-json\/wp\/v2\/pages\/400","targetHints":{"allow":["GET"]}}],"collection":[{"href":"https:\/\/www.sailinglatvia.lv\/index.php\/wp-json\/wp\/v2\/pages"}],"about":[{"href":"https:\/\/www.sailinglatvia.lv\/index.php\/wp-json\/wp\/v2\/types\/page"}],"author":[{"embeddable":true,"href":"https:\/\/www.sailinglatvia.lv\/index.php\/wp-json\/wp\/v2\/users\/1"}],"replies":[{"embeddable":true,"href":"https:\/\/www.sailinglatvia.lv\/index.php\/wp-json\/wp\/v2\/comments?post=400"}],"version-history":[{"count":56,"href":"https:\/\/www.sailinglatvia.lv\/index.php\/wp-json\/wp\/v2\/pages\/400\/revisions"}],"predecessor-version":[{"id":19139,"href":"https:\/\/www.sailinglatvia.lv\/index.php\/wp-json\/wp\/v2\/pages\/400\/revisions\/19139"}],"wp:attachment":[{"href":"https:\/\/www.sailinglatvia.lv\/index.php\/wp-json\/wp\/v2\/media?parent=400"}],"curies":[{"name":"wp","href":"https:\/\/api.w.org\/{rel}","templated":true}]}}