{"id":19688,"date":"2026-05-09T14:42:44","date_gmt":"2026-05-09T12:42:44","guid":{"rendered":"https:\/\/www.sailinglatvia.lv\/?page_id=19688"},"modified":"2026-05-09T17:27:37","modified_gmt":"2026-05-09T15:27:37","slug":"lbs-100","status":"publish","type":"page","link":"https:\/\/www.sailinglatvia.lv\/index.php\/lbs-100\/","title":{"rendered":"LBS 100"},"content":{"rendered":"\n<p class=\"has-medium-font-size\"><strong>Latvijas Bur\u0101\u0161anas savien\u012bbai \u2014 100<\/strong><\/p>\n\n\n\n<p>2026. gads Latvijas bur\u0101\u0161anai ir \u012bpa\u0161s \u2014 Latvijas Bur\u0101\u0161anas savien\u012bbai aprit 100 gadi.<\/p>\n\n\n\n<p>\u0160\u012b jubileja ir noz\u012bm\u012bgs br\u012bdis gan atskatam uz bur\u0101\u0161anas trad\u012bcij\u0101m, cilv\u0113kiem un sasniegumiem, gan ar\u012b iesp\u0113jai skat\u012bties n\u0101kotn\u0113 \u2014 stiprin\u0101t bur\u0101t\u0101ju kopienu un veicin\u0101t bur\u0101\u0161anas atpaz\u012bstam\u012bbu Latvij\u0101.<\/p>\n\n\n\n<p>Par godu simtgadei 2026. gada laik\u0101 pl\u0101notas da\u017e\u0101das aktivit\u0101tes, kur\u0101s b\u016bs iesp\u0113ja iesaist\u012bties bur\u0101t\u0101jiem, klubiem un ikvienam interesentam, kur\u0161 v\u0113las tuv\u0101k iepaz\u012bt bur\u0101\u0161anu. Par visu iecer\u0113to v\u0113l neatkl\u0101sim uzreiz \u2014 lai paliek ar\u012b neliels sv\u0113tku nosl\u0113pums. Ta\u010du jau tagad varam teikt: 2026. gad\u0101 bur\u0101\u0161ana Latvij\u0101 b\u016bs \u012bpa\u0161i paman\u0101ma.<\/p>\n\n\n\n<p>Iesp\u0113jams, jau esat paman\u012bju\u0161i, ka jubilejas gadam ir rad\u012bts ar\u012b \u012bpa\u0161s LBS 100 logo. Pla\u0161\u0101ka inform\u0101cija par t\u0101 izmanto\u0161anu sekos dr\u012bzum\u0101, un sv\u0113tku logo jau pavisam dr\u012bz b\u016bs pieejams lieto\u0161anai ikvienam interesentam.<\/p>\n\n\n\n<p>Aicin\u0101m sekot l\u012bdzi jaunumiem \u2014 LBS 100 b\u016bs gads, ko veidosim kop\u0101.<\/p>\n\n\n\n<p class=\"has-medium-font-size\"><strong>LBS 100 sv\u0113tku logo pieejams lieto\u0161anai<\/strong><\/p>\n\n\n\n<p>Par godu Latvijas Bur\u0101\u0161anas savien\u012bbas simtgadei ir sagatavotas vair\u0101kas sv\u0113tku logo versijas. Aicin\u0101m bur\u0101t\u0101jus, klubus un citus interesentus t\u0101s izmantot ar LBS 100 jubilejas aktivit\u0101t\u0113m saist\u012btajos materi\u0101los.<\/p>\n\n\n\n<p><a href=\"https:\/\/e.pcloud.link\/publink\/show?code=XZ8OEiZrtXak2zyLBXewekLpq2WwRLBXGDV\">LBS 100 Z\u012bmola gr\u0101mata &#8211; lejupl\u0101d\u0113 \u0161eit<\/a><\/p>\n\n\n\n<p><a href=\"https:\/\/e.pcloud.link\/publink\/show?code=XZhOEiZ66DfCaMxWR4Uq8LpOVcu4pDYcSCy\">LBS 100 Logotipi PDF &#8211; lejupl\u0101d\u0113 \u0161eit<\/a><br><br><a href=\"https:\/\/e.pcloud.link\/publink\/show?code=kZ7tEiZdQV3sQlwhkVYao8WpJo6khBKhFEX#\/filemanager?folder=23994387552\">LBS 100 Logotipi PNG &#8211; lejupl\u0101d\u0113 \u0161eit<\/a><\/p>\n\n\n\n<p><a href=\"https:\/\/e.pcloud.link\/publink\/show?code=kZ7tEiZdQV3sQlwhkVYao8WpJo6khBKhFEX#\/filemanager?folder=23994390903\">LBS 100 Logotipi SVG &#8211; lejupl\u0101d\u0113 \u0161eit<\/a><\/p>\n\n\n\n<p><\/p>\n\n\n\n<figure class=\"wp-block-gallery has-nested-images columns-default is-cropped wp-block-gallery-1 is-layout-flex wp-block-gallery-is-layout-flex\">\n<figure class=\"wp-block-image size-large\"><img loading=\"lazy\" decoding=\"async\" width=\"1024\" height=\"390\" data-id=\"19713\" src=\"https:\/\/www.sailinglatvia.lv\/wp-content\/uploads\/2026\/05\/ChatGPT-Image-2026.-g.-9.-maijs-18_05_39-1024x390.png\" alt=\"\" class=\"wp-image-19713\" srcset=\"https:\/\/www.sailinglatvia.lv\/wp-content\/uploads\/2026\/05\/ChatGPT-Image-2026.-g.-9.-maijs-18_05_39-1024x390.png 1024w, https:\/\/www.sailinglatvia.lv\/wp-content\/uploads\/2026\/05\/ChatGPT-Image-2026.-g.-9.-maijs-18_05_39-300x114.png 300w, https:\/\/www.sailinglatvia.lv\/wp-content\/uploads\/2026\/05\/ChatGPT-Image-2026.-g.-9.-maijs-18_05_39-768x292.png 768w, https:\/\/www.sailinglatvia.lv\/wp-content\/uploads\/2026\/05\/ChatGPT-Image-2026.-g.-9.-maijs-18_05_39-1536x585.png 1536w, https:\/\/www.sailinglatvia.lv\/wp-content\/uploads\/2026\/05\/ChatGPT-Image-2026.-g.-9.-maijs-18_05_39.png 2033w\" sizes=\"auto, (max-width: 1024px) 100vw, 1024px\" \/><\/figure>\n<\/figure>\n","protected":false},"excerpt":{"rendered":"<p>Latvijas Bur\u0101\u0161anas savien\u012bbai \u2014 100 2026. gads Latvijas bur\u0101\u0161anai ir \u012bpa\u0161s \u2014 Latvijas Bur\u0101\u0161anas savien\u012bbai aprit 100 gadi. \u0160\u012b jubileja ir noz\u012bm\u012bgs br\u012bdis gan atskatam uz bur\u0101\u0161anas trad\u012bcij\u0101m, cilv\u0113kiem un sasniegumiem, gan ar\u012b iesp\u0113jai skat\u012bties n\u0101kotn\u0113 \u2014 stiprin\u0101t bur\u0101t\u0101ju kopienu &hellip; <a href=\"https:\/\/www.sailinglatvia.lv\/index.php\/lbs-100\/\">Continued<\/a><\/p>\n","protected":false},"author":7,"featured_media":0,"parent":0,"menu_order":0,"comment_status":"closed","ping_status":"closed","template":"","meta":{"kt_blocks_editor_width":"","footnotes":""},"class_list":["post-19688","page","type-page","status-publish","hentry"],"_links":{"self":[{"href":"https:\/\/www.sailinglatvia.lv\/index.php\/wp-json\/wp\/v2\/pages\/19688","targetHints":{"allow":["GET"]}}],"collection":[{"href":"https:\/\/www.sailinglatvia.lv\/index.php\/wp-json\/wp\/v2\/pages"}],"about":[{"href":"https:\/\/www.sailinglatvia.lv\/index.php\/wp-json\/wp\/v2\/types\/page"}],"author":[{"embeddable":true,"href":"https:\/\/www.sailinglatvia.lv\/index.php\/wp-json\/wp\/v2\/users\/7"}],"replies":[{"embeddable":true,"href":"https:\/\/www.sailinglatvia.lv\/index.php\/wp-json\/wp\/v2\/comments?post=19688"}],"version-history":[{"count":14,"href":"https:\/\/www.sailinglatvia.lv\/index.php\/wp-json\/wp\/v2\/pages\/19688\/revisions"}],"predecessor-version":[{"id":19722,"href":"https:\/\/www.sailinglatvia.lv\/index.php\/wp-json\/wp\/v2\/pages\/19688\/revisions\/19722"}],"wp:attachment":[{"href":"https:\/\/www.sailinglatvia.lv\/index.php\/wp-json\/wp\/v2\/media?parent=19688"}],"curies":[{"name":"wp","href":"https:\/\/api.w.org\/{rel}","templated":true}]}}