{"id":19668,"date":"2026-05-06T12:38:25","date_gmt":"2026-05-06T10:38:25","guid":{"rendered":"https:\/\/www.sailinglatvia.lv\/?page_id=19668"},"modified":"2026-05-06T12:38:25","modified_gmt":"2026-05-06T10:38:25","slug":"ilca-klases-komisija","status":"publish","type":"page","link":"https:\/\/www.sailinglatvia.lv\/index.php\/ilca-klases-komisija\/","title":{"rendered":"ILCA klases komisija"},"content":{"rendered":"\n<p class=\"has-text-align-center\">ILCA laivu klases komisijas sast\u0101vs:<br><br>Komisijas vad\u012bt\u0101js \u2013 Kristaps Mo\u010d\u0101ns<br>Rihards Vaivods<br>J\u0101nis Rupenheits<br>Eduards Renesl\u0101cis<br>K\u0101rlis Dubra<br>K\u0101rlis Junkers<br>Juris Ailis<\/p>\n\n\n\n<p><\/p>\n","protected":false},"excerpt":{"rendered":"<p>ILCA laivu klases komisijas sast\u0101vs: Komisijas vad\u012bt\u0101js \u2013 Kristaps Mo\u010d\u0101nsRihards VaivodsJ\u0101nis RupenheitsEduards Renesl\u0101cisK\u0101rlis DubraK\u0101rlis JunkersJuris Ailis<\/p>\n","protected":false},"author":7,"featured_media":0,"parent":0,"menu_order":0,"comment_status":"closed","ping_status":"closed","template":"","meta":{"kt_blocks_editor_width":"","footnotes":""},"class_list":["post-19668","page","type-page","status-publish","hentry"],"_links":{"self":[{"href":"https:\/\/www.sailinglatvia.lv\/index.php\/wp-json\/wp\/v2\/pages\/19668","targetHints":{"allow":["GET"]}}],"collection":[{"href":"https:\/\/www.sailinglatvia.lv\/index.php\/wp-json\/wp\/v2\/pages"}],"about":[{"href":"https:\/\/www.sailinglatvia.lv\/index.php\/wp-json\/wp\/v2\/types\/page"}],"author":[{"embeddable":true,"href":"https:\/\/www.sailinglatvia.lv\/index.php\/wp-json\/wp\/v2\/users\/7"}],"replies":[{"embeddable":true,"href":"https:\/\/www.sailinglatvia.lv\/index.php\/wp-json\/wp\/v2\/comments?post=19668"}],"version-history":[{"count":1,"href":"https:\/\/www.sailinglatvia.lv\/index.php\/wp-json\/wp\/v2\/pages\/19668\/revisions"}],"predecessor-version":[{"id":19669,"href":"https:\/\/www.sailinglatvia.lv\/index.php\/wp-json\/wp\/v2\/pages\/19668\/revisions\/19669"}],"wp:attachment":[{"href":"https:\/\/www.sailinglatvia.lv\/index.php\/wp-json\/wp\/v2\/media?parent=19668"}],"curies":[{"name":"wp","href":"https:\/\/api.w.org\/{rel}","templated":true}]}}